{"id":395,"date":"2014-07-06T22:07:24","date_gmt":"2014-07-06T20:07:24","guid":{"rendered":"http:\/\/magyar-protestansok.de\/?page_id=395"},"modified":"2020-01-26T13:15:51","modified_gmt":"2020-01-26T11:15:51","slug":"ulm","status":"publish","type":"page","link":"https:\/\/magyar-protestansok.de\/?page_id=395","title":{"rendered":"Ulm"},"content":{"rendered":"<table>\n<tbody style=\"width: 400px; vertical-align: top;\">\n<tr>\n<td>Hivatalos n\u00e9v<\/td>\n<td><a href=\"http:\/\/www.ulmi-protestansok.de\">Ulm-k\u00f6rny\u00e9ki Magyar Protest\u00e1ns Gy\u00fclekezet<\/a><\/td>\n<\/tr>\n<tr>\n<td>R\u00f6vid statisztika<\/td>\n<td>A gy\u00fclekezet, sok r\u00f3mai katolikus vend\u00e9g mellett, hozz\u00e1vet\u0151legesen 80 reform\u00e1tus, evang\u00e9likus \u00e9s unit\u00e1rius egyh\u00e1ztagot sz\u00e1ml\u00e1l.<\/td>\n<\/tr>\n<tr>\n<td>Istentiszteleti alkalmak<\/td>\n<td>Rendszeresen havonta egyszer, a k\u00f6vetlez\u0151 istentiszteleti helyeken:<\/p>\n<ul>\n<li>Ulm:\n<ul>\n<li>Haus der Begegnung k\u00e1poln\u00e1ja, <a title=\"Google t\u00e9rk\u00e9p\" href=\"https:\/\/www.google.de\/maps\/place\/Gr%C3%BCner+Hof+1\/@48.39677,9.99647,17z\/data=!3m1!4b1!4m2!3m1!1s0x4799668e4e2f0753:0x3b4bf1e3a81459e1\" target=\"_blank\" rel=\"noopener noreferrer\">Gr\u00fcner Hof 1<\/a> \u00e9s<\/li>\n<li>Ulmi Magyar Kult\u00faregyes\u00fclet terme, <a title=\"Google t\u00e9rk\u00e9p\" href=\"https:\/\/www.google.de\/maps\/place\/Unterer+Kuhberg+16\/@48.38477,9.97109,17z\/data=!3m1!4b1!4m2!3m1!1s0x4799641f1ea1d073:0xa521d868eb62624d\">Unterer Kuhberg 16<\/a><\/li>\n<\/ul>\n<\/li>\n<li>Heidenheim:\n<ul>\n<li>\u00d6kumernikus K\u00f6zpont Mittelrain, <a title=\"Google t\u00e9rk\u00e9p\" href=\"https:\/\/www.google.de\/maps\/place\/Hans-Thoma-Stra%C3%9Fe+50\/@48.6978325,10.1416516,17z\/data=!3m1!4b1!4m2!3m1!1s0x4799165fa7ca1377:0x733ca61a09bb7cd2\">Hans-Thoma-Str. 50<\/a><\/li>\n<\/ul>\n<\/li>\n<\/ul>\n<\/td>\n<\/tr>\n<tr>\n<td>R\u00f6vid bemutatkoz\u00e1s<\/td>\n<td>A gy\u00fclekezet 1980-ban alakult. Az\u00f3ta rendszeresen van havonta 1 istentisztelet. Lelkip\u00e1sztor: <strong>Varga P\u00e1l<\/strong>, ref. lp. A gy\u00fclekezetnek kezdett\u0151l van egy presbiteriuma (5 megv\u00e1lasztott presbiter \u00e9s 2 p\u00f3t-presbiter). A gy\u00fclekezet egy jellegzetesen diaszp\u00f3ra gy\u00fclekezet,\u00a0 k\u00e9t sz\u00f6vets\u00e9gi \u00e1llam (Baden-W\u00fcrttemberg \u00e9s Bajororsz\u00e1g) hat\u00e1ra ment\u00e9n.<\/td>\n<\/tr>\n<tr>\n<td>E-mail c\u00edm<\/td>\n<td><a href=\"mailto:vargapaul@yahoo.de\">vargapaul@yahoo.de<\/a><\/td>\n<\/tr>\n<tr>\n<td>Telefonsz\u00e1m<\/td>\n<td>+49 (0)7131 1242154, <a href=\"callto:\/\/+4971311242154\">h\u00edvhatja Skype-on<\/a><\/td>\n<\/tr>\n<tr>\n<td>Postac\u00edm<\/td>\n<td>Geibelstra\u00dfe 5<br \/>\n74074 Heilbronn<\/td>\n<\/tr>\n<\/tbody>\n<\/table>\n","protected":false},"excerpt":{"rendered":"<p>Hivatalos n\u00e9v Ulm-k\u00f6rny\u00e9ki Magyar Protest\u00e1ns Gy\u00fclekezet R\u00f6vid statisztika A gy\u00fclekezet, sok r\u00f3mai katolikus vend\u00e9g mellett, hozz\u00e1vet\u0151legesen 80 reform\u00e1tus, evang\u00e9likus \u00e9s unit\u00e1rius egyh\u00e1ztagot sz\u00e1ml\u00e1l. Istentiszteleti alkalmak Rendszeresen havonta egyszer, a k\u00f6vetlez\u0151 istentiszteleti helyeken: Ulm: Haus der Begegnung k\u00e1poln\u00e1ja, Gr\u00fcner Hof 1 \u00e9s Ulmi Magyar Kult\u00faregyes\u00fclet terme, Unterer Kuhberg 16 Heidenheim: \u00d6kumernikus K\u00f6zpont Mittelrain, Hans-Thoma-Str. 50 R\u00f6vid &#8230; <span class=\"more\"><a class=\"more-link\" href=\"https:\/\/magyar-protestansok.de\/?page_id=395\">[Tov\u00e1bb\/ Weiter&#8230;]<\/a><\/span><\/p>\n","protected":false},"author":2,"featured_media":0,"parent":242,"menu_order":7,"comment_status":"closed","ping_status":"open","template":"","meta":{"om_disable_all_campaigns":false,"_monsterinsights_skip_tracking":false,"_monsterinsights_sitenote_active":false,"_monsterinsights_sitenote_note":"","_monsterinsights_sitenote_category":0,"footnotes":""},"class_list":["entry","page","publish","author-tibi","post-395"],"aioseo_notices":[],"jetpack_sharing_enabled":true,"_links":{"self":[{"href":"https:\/\/magyar-protestansok.de\/index.php?rest_route=\/wp\/v2\/pages\/395","targetHints":{"allow":["GET"]}}],"collection":[{"href":"https:\/\/magyar-protestansok.de\/index.php?rest_route=\/wp\/v2\/pages"}],"about":[{"href":"https:\/\/magyar-protestansok.de\/index.php?rest_route=\/wp\/v2\/types\/page"}],"author":[{"embeddable":true,"href":"https:\/\/magyar-protestansok.de\/index.php?rest_route=\/wp\/v2\/users\/2"}],"replies":[{"embeddable":true,"href":"https:\/\/magyar-protestansok.de\/index.php?rest_route=%2Fwp%2Fv2%2Fcomments&post=395"}],"version-history":[{"count":0,"href":"https:\/\/magyar-protestansok.de\/index.php?rest_route=\/wp\/v2\/pages\/395\/revisions"}],"up":[{"embeddable":true,"href":"https:\/\/magyar-protestansok.de\/index.php?rest_route=\/wp\/v2\/pages\/242"}],"wp:attachment":[{"href":"https:\/\/magyar-protestansok.de\/index.php?rest_route=%2Fwp%2Fv2%2Fmedia&parent=395"}],"curies":[{"name":"wp","href":"https:\/\/api.w.org\/{rel}","templated":true}]}}

<table>
<tbody style="width: 400px; vertical-align: top;">
<tr>
<td>Hivatalos név</td>
<td><a href="http://www.ulmi-protestansok.de">Ulm-környéki Magyar Protestáns Gyülekezet</a></td>
</tr>
<tr>
<td>Rövid statisztika</td>
<td>A gyülekezet, sok római katolikus vendég mellett, hozzávetőlegesen 80 református, evangélikus és unitárius egyháztagot számlál.</td>
</tr>
<tr>
<td>Istentiszteleti alkalmak</td>
<td>Rendszeresen havonta egyszer, a követlező istentiszteleti helyeken:</p>
<ul>
<li>Ulm:
<ul>
<li>Haus der Begegnung kápolnája, <a title="Google térkép" href="https://www.google.de/maps/place/Gr%C3%BCner+Hof+1/@48.39677,9.99647,17z/data=!3m1!4b1!4m2!3m1!1s0x4799668e4e2f0753:0x3b4bf1e3a81459e1" target="_blank" rel="noopener noreferrer">Grüner Hof 1</a> és</li>
<li>Ulmi Magyar Kultúregyesület terme, <a title="Google térkép" href="https://www.google.de/maps/place/Unterer+Kuhberg+16/@48.38477,9.97109,17z/data=!3m1!4b1!4m2!3m1!1s0x4799641f1ea1d073:0xa521d868eb62624d">Unterer Kuhberg 16</a></li>
</ul>
</li>
<li>Heidenheim:
<ul>
<li>Ökumernikus Központ Mittelrain, <a title="Google térkép" href="https://www.google.de/maps/place/Hans-Thoma-Stra%C3%9Fe+50/@48.6978325,10.1416516,17z/data=!3m1!4b1!4m2!3m1!1s0x4799165fa7ca1377:0x733ca61a09bb7cd2">Hans-Thoma-Str. 50</a></li>
</ul>
</li>
</ul>
</td>
</tr>
<tr>
<td>Rövid bemutatkozás</td>
<td>A gyülekezet 1980-ban alakult. Azóta rendszeresen van havonta 1 istentisztelet. Lelkipásztor: <strong>Varga Pál</strong>, ref. lp. A gyülekezetnek kezdettől van egy presbiteriuma (5 megválasztott presbiter és 2 pót-presbiter). A gyülekezet egy jellegzetesen diaszpóra gyülekezet,  két szövetségi állam (Baden-Württemberg és Bajorország) határa mentén.</td>
</tr>
<tr>
<td>E-mail cím</td>
<td><a href="mailto:vargapaul@yahoo.de">vargapaul@yahoo.de</a></td>
</tr>
<tr>
<td>Telefonszám</td>
<td>+49 (0)7131 1242154, <a href="callto://+4971311242154">hívhatja Skype-on</a></td>
</tr>
<tr>
<td>Postacím</td>
<td>Geibelstraße 5<br />
74074 Heilbronn</td>
</tr>
</tbody>
</table>

<p>Hivatalos név Ulm-környéki Magyar Protestáns Gyülekezet Rövid statisztika A gyülekezet, sok római katolikus vendég mellett, hozzávetőlegesen 80 református, evangélikus és unitárius egyháztagot számlál. Istentiszteleti alkalmak Rendszeresen havonta egyszer, a követlező istentiszteleti helyeken: Ulm: Haus der Begegnung kápolnája, Grüner Hof 1 és Ulmi Magyar Kultúregyesület terme, Unterer Kuhberg 16 Heidenheim: Ökumernikus Központ Mittelrain, Hans-Thoma-Str. 50 Rövid &#8230; <span class="more"><a class="more-link" href="https://magyar-protestansok.de/?page_id=395">[Tovább/ Weiter&#8230;]</a></span></p>
