{"id":387,"date":"2014-07-06T22:45:07","date_gmt":"2014-07-06T20:45:07","guid":{"rendered":"http:\/\/magyar-protestansok.de\/?page_id=387"},"modified":"2020-02-03T18:46:57","modified_gmt":"2020-02-03T16:46:57","slug":"heidelberg","status":"publish","type":"page","link":"https:\/\/magyar-protestansok.de\/?page_id=387","title":{"rendered":"Heidelberg"},"content":{"rendered":"<table>\n<tbody style=\"width: 400px; vertical-align: top;\">\n<tr>\n<td>Hivatalos n\u00e9v<\/td>\n<td>Heidelbergi Magyar Reform\u00e1tus Gy\u00fclekezet<\/td>\n<\/tr>\n<tr>\n<td>R\u00f6vid statisztika<\/td>\n<td>&nbsp;<\/td>\n<\/tr>\n<tr>\n<td>Istentiszteleti alkalmak<\/td>\n<td>&nbsp;Havi rendszeress\u00e9ggel<\/td>\n<\/tr>\n<tr>\n<td>R\u00f6vid bemutatkoz\u00e1s<\/td>\n<td>1945-ben alap\u00edtott \u00e9s 1990-ben megsz\u0171nt gy\u00fclekezet\u00fcnket Magyar Vir\u00e1g Kata reform\u00e1tus lelkip\u00e1sztor alap\u00edtotta \u00fajra 2005-ben. Az\u00f3ta rendszeresen tartunk havonk\u00e9nt istentiszteletet magyar nyelven reform\u00e1tus liturgia szerint rendszerint a heidelbergi egyetemi gy\u00fclekezet templom\u00e1ban (Peterskirche\/ Universit\u00e4tskirche) vagy annak&nbsp; di\u00e1kk\u00f6z\u00f6ss\u00e9gi imaterm\u00e9ben (Evangelische Studierendengemeinde \/ Karl-Jaspers-Haus). 2017. febru\u00e1r 1. \u00f3ta Bat\u00e1ri Zolt\u00e1n Gy\u00f6rgy gy\u00fclekezet\u00fcnk lelkip\u00e1sztora.<\/p>\n<p>H\u00edveinket elektronikus lev\u00e9lben \u00e9s a 2006. \u00f3ta m\u0171k\u00f6d\u0151<br \/>\n<a href=\"http:\/\/www.reformatus.de\/\">www.reformatus.de<\/a> honlapunkon t\u00e1j\u00e9koztatjuk&nbsp; alkalmainkr\u00f3l \u00e9s sz\u00f3rv\u00e1nygy\u00fclekezet\u00fcnk \u00e9let\u00e9r\u0151l. Alkalmainkra szeretettel v\u00e1rjuk m\u00e1s felekezetbeli magyar testv\u00e9reinket is.<\/p>\n<p>A kialakult \u00e9s j\u00f3l m\u0171k\u00f6d\u0151 szolg\u00e1lati rend\u00fcnk t\u00f6bb l\u00e1bon \u00e1ll, gondnokunk, presbiter\u00fcnk, lelk\u00e9sz\u00fcnk, k\u00e1ntorunk \u00e9s<br \/>\ngyermekfoglalkoz\u00e1s-vezet\u0151nk, mint biztos h\u00e1tt\u00e9r vannak jelen alkalmaink szervez\u00e9s\u00e9ben \u00e9s megtart\u00e1s\u00e1ban,&nbsp; megoldva minden felmer\u00fcl\u0151 probl\u00e9m\u00e1t, biztos\u00edtva gy\u00fclekezeti \u00e9let\u00fcnk g\u00f6rd\u00fcl\u00e9kenys\u00e9g\u00e9t, k\u00fcl\u00f6n anyagi juttat\u00e1s n\u00e9lk\u00fcl \u2013 meg\u00e9lhet\u00e9s\u00fcket biztos\u00edt\u00f3 \u00f6n\u00e1ll\u00f3 munk\u00e1juk mellett \u2013 szabad idej\u00fckben.<\/p>\n<p>Istennek h\u00e1la a gy\u00fclekezetben \u00e9l\u0151, ott jelenl\u00e9v\u0151 \u00e9s mindig<br \/>\nmegkereshet\u0151 lelk\u00e9sz k\u00e9rd\u00e9se is megold\u00f3dott, ami\u00f3ta a Mainzi \u00e9s a Frankfurti Magyar Reform\u00e1tus Gy\u00fclekezetekkel k\u00f6z\u00f6sen &#8211; egy anyaorsz\u00e1gi hittudom\u00e1nyi egyetemmel meg\u00e1llapodva &#8211; seg\u00e9dlelk\u00e9sz-gyakornokot tudunk fogadni. A gy\u00fclekezeteinkben \u00f6sszef\u00fcgg\u0151 gyakorlati \u00e9v\u00e9t v\u00e9gz\u0151 egyetemi hallgat\u00f3 jelenl\u00e9t\u00e9nek k\u00f6sz\u00f6nhet\u0151en &#8211; szer\u00e9ny anyagi lehet\u0151s\u00e9geink ellen\u00e9re &#8211; egy m\u00e1sik v\u00e1rosban \u00e9l\u0151 Bat\u00e1ri Zolt\u00e1n Gy\u00f6rgy lelkip\u00e1sztorunk t\u00e1voll\u00e9t\u00e9ben a h\u00e9t minden napj\u00e1n el\u00e9rhet\u0151 \u00e9s helyben szolg\u00e1l\u00f3&nbsp; seg\u00e9dlelk\u00e9sz\u00fcnk van, aki az istentiszteletek mellett, biblia\u00f3r\u00e1kat, \u00e1h\u00edtatokat, lelkigondoz\u00f3i besz\u00e9lget\u00e9seket \u00e9s gyermekhittan foglalkoz\u00e1sokat tart, csal\u00e1dokat l\u00e1togat, magyar vonatkoz\u00e1s\u00fa rendezv\u00e9nyeket l\u00e1togatva h\u00edvogat, ezzel is seg\u00edtve a gy\u00fclekezet\u00e9p\u00edt\u00e9st.<\/p>\n<p>Szint\u00e9n fontos sz\u00e1munkra a magyar gy\u00f6kerek \u00e1pol\u00e1sa, a<br \/>\nseg\u00e9dlelk\u00e9sz-gyakornok fogad\u00e1sa nyom\u00e1n a hittudom\u00e1ny egyetemmel val\u00f3 kapcsolat \u00e9s a k\u00e9s\u0151bbi lelk\u00e9szi szolg\u00e1lat\u00e1ra n\u00e1lunk felk\u00e9sz\u00fcl\u0151 hatod\u00e9ves hallgat\u00f3 t\u00e1mogat\u00e1sa is anyaorsz\u00e1gunkhoz k\u00f6ti gy\u00fclekezeteinket.<\/td>\n<\/tr>\n<tr>\n<td>E-mail c\u00edm<\/td>\n<td><a href=\"mailto:heidelberg@reformatus.de\">heidelberg@reformatus.de<\/a><\/td>\n<\/tr>\n<tr>\n<td>Telefonsz\u00e1m<\/td>\n<td>A sz\u00fcks\u00e9ges inform\u00e1ci\u00f3\u00e9rt k\u00e9rj\u00fck l\u00e1togassa meg a <a title=\"Gy\u00fclekezeti honlap\" href=\"http:\/\/www.reformatus.de\" target=\"_blank\" rel=\"noopener noreferrer\">www.reformatus.de<\/a> honlapot.<\/td>\n<\/tr>\n<tr>\n<td>Postac\u00edm<\/td>\n<td>A sz\u00fcks\u00e9ges inform\u00e1ci\u00f3\u00e9rt k\u00e9rj\u00fck l\u00e1togassa meg a <a title=\"Gy\u00fclekezeti honlap\" href=\"http:\/\/www.reformatus.de\" target=\"_blank\" rel=\"noopener noreferrer\">www.reformatus.de<\/a> honlapot.<\/td>\n<\/tr>\n<\/tbody>\n<\/table>\n<p>&nbsp;<\/p>\n","protected":false},"excerpt":{"rendered":"<p>Hivatalos n\u00e9v Heidelbergi Magyar Reform\u00e1tus Gy\u00fclekezet R\u00f6vid statisztika &nbsp; Istentiszteleti alkalmak &nbsp;Havi rendszeress\u00e9ggel R\u00f6vid bemutatkoz\u00e1s 1945-ben alap\u00edtott \u00e9s 1990-ben megsz\u0171nt gy\u00fclekezet\u00fcnket Magyar Vir\u00e1g Kata reform\u00e1tus lelkip\u00e1sztor alap\u00edtotta \u00fajra 2005-ben. Az\u00f3ta rendszeresen tartunk havonk\u00e9nt istentiszteletet magyar nyelven reform\u00e1tus liturgia szerint rendszerint a heidelbergi egyetemi gy\u00fclekezet templom\u00e1ban (Peterskirche\/ Universit\u00e4tskirche) vagy annak&nbsp; di\u00e1kk\u00f6z\u00f6ss\u00e9gi imaterm\u00e9ben (Evangelische Studierendengemeinde \/ Karl-Jaspers-Haus). &#8230; <span class=\"more\"><a class=\"more-link\" href=\"https:\/\/magyar-protestansok.de\/?page_id=387\">[Tov\u00e1bb\/ Weiter&#8230;]<\/a><\/span><\/p>\n","protected":false},"author":2,"featured_media":0,"parent":242,"menu_order":3,"comment_status":"closed","ping_status":"open","template":"","meta":{"om_disable_all_campaigns":false,"_monsterinsights_skip_tracking":false,"_monsterinsights_sitenote_active":false,"_monsterinsights_sitenote_note":"","_monsterinsights_sitenote_category":0,"footnotes":""},"class_list":["entry","page","publish","author-tibi","post-387"],"aioseo_notices":[],"jetpack_sharing_enabled":true,"_links":{"self":[{"href":"https:\/\/magyar-protestansok.de\/index.php?rest_route=\/wp\/v2\/pages\/387","targetHints":{"allow":["GET"]}}],"collection":[{"href":"https:\/\/magyar-protestansok.de\/index.php?rest_route=\/wp\/v2\/pages"}],"about":[{"href":"https:\/\/magyar-protestansok.de\/index.php?rest_route=\/wp\/v2\/types\/page"}],"author":[{"embeddable":true,"href":"https:\/\/magyar-protestansok.de\/index.php?rest_route=\/wp\/v2\/users\/2"}],"replies":[{"embeddable":true,"href":"https:\/\/magyar-protestansok.de\/index.php?rest_route=%2Fwp%2Fv2%2Fcomments&post=387"}],"version-history":[{"count":0,"href":"https:\/\/magyar-protestansok.de\/index.php?rest_route=\/wp\/v2\/pages\/387\/revisions"}],"up":[{"embeddable":true,"href":"https:\/\/magyar-protestansok.de\/index.php?rest_route=\/wp\/v2\/pages\/242"}],"wp:attachment":[{"href":"https:\/\/magyar-protestansok.de\/index.php?rest_route=%2Fwp%2Fv2%2Fmedia&parent=387"}],"curies":[{"name":"wp","href":"https:\/\/api.w.org\/{rel}","templated":true}]}}

<table>
<tbody style="width: 400px; vertical-align: top;">
<tr>
<td>Hivatalos név</td>
<td>Heidelbergi Magyar Református Gyülekezet</td>
</tr>
<tr>
<td>Rövid statisztika</td>
<td>&nbsp;</td>
</tr>
<tr>
<td>Istentiszteleti alkalmak</td>
<td>&nbsp;Havi rendszerességgel</td>
</tr>
<tr>
<td>Rövid bemutatkozás</td>
<td>1945-ben alapított és 1990-ben megszűnt gyülekezetünket Magyar Virág Kata református lelkipásztor alapította újra 2005-ben. Azóta rendszeresen tartunk havonként istentiszteletet magyar nyelven református liturgia szerint rendszerint a heidelbergi egyetemi gyülekezet templomában (Peterskirche/ Universitätskirche) vagy annak&nbsp; diákközösségi imatermében (Evangelische Studierendengemeinde / Karl-Jaspers-Haus). 2017. február 1. óta Batári Zoltán György gyülekezetünk lelkipásztora.</p>
<p>Híveinket elektronikus levélben és a 2006. óta működő<br />
<a href="http://www.reformatus.de/">www.reformatus.de</a> honlapunkon tájékoztatjuk&nbsp; alkalmainkról és szórványgyülekezetünk életéről. Alkalmainkra szeretettel várjuk más felekezetbeli magyar testvéreinket is.</p>
<p>A kialakult és jól működő szolgálati rendünk több lábon áll, gondnokunk, presbiterünk, lelkészünk, kántorunk és<br />
gyermekfoglalkozás-vezetőnk, mint biztos háttér vannak jelen alkalmaink szervezésében és megtartásában,&nbsp; megoldva minden felmerülő problémát, biztosítva gyülekezeti életünk gördülékenységét, külön anyagi juttatás nélkül – megélhetésüket biztosító önálló munkájuk mellett – szabad idejükben.</p>
<p>Istennek hála a gyülekezetben élő, ott jelenlévő és mindig<br />
megkereshető lelkész kérdése is megoldódott, amióta a Mainzi és a Frankfurti Magyar Református Gyülekezetekkel közösen &#8211; egy anyaországi hittudományi egyetemmel megállapodva &#8211; segédlelkész-gyakornokot tudunk fogadni. A gyülekezeteinkben összefüggő gyakorlati évét végző egyetemi hallgató jelenlétének köszönhetően &#8211; szerény anyagi lehetőségeink ellenére &#8211; egy másik városban élő Batári Zoltán György lelkipásztorunk távollétében a hét minden napján elérhető és helyben szolgáló&nbsp; segédlelkészünk van, aki az istentiszteletek mellett, bibliaórákat, áhítatokat, lelkigondozói beszélgetéseket és gyermekhittan foglalkozásokat tart, családokat látogat, magyar vonatkozású rendezvényeket látogatva hívogat, ezzel is segítve a gyülekezetépítést.</p>
<p>Szintén fontos számunkra a magyar gyökerek ápolása, a<br />
segédlelkész-gyakornok fogadása nyomán a hittudomány egyetemmel való kapcsolat és a későbbi lelkészi szolgálatára nálunk felkészülő hatodéves hallgató támogatása is anyaországunkhoz köti gyülekezeteinket.</td>
</tr>
<tr>
<td>E-mail cím</td>
<td><a href="mailto:heidelberg@reformatus.de">heidelberg@reformatus.de</a></td>
</tr>
<tr>
<td>Telefonszám</td>
<td>A szükséges információért kérjük látogassa meg a <a title="Gyülekezeti honlap" href="http://www.reformatus.de" target="_blank" rel="noopener noreferrer">www.reformatus.de</a> honlapot.</td>
</tr>
<tr>
<td>Postacím</td>
<td>A szükséges információért kérjük látogassa meg a <a title="Gyülekezeti honlap" href="http://www.reformatus.de" target="_blank" rel="noopener noreferrer">www.reformatus.de</a> honlapot.</td>
</tr>
</tbody>
</table>
<p>&nbsp;</p>

<p>Hivatalos név Heidelbergi Magyar Református Gyülekezet Rövid statisztika &nbsp; Istentiszteleti alkalmak &nbsp;Havi rendszerességgel Rövid bemutatkozás 1945-ben alapított és 1990-ben megszűnt gyülekezetünket Magyar Virág Kata református lelkipásztor alapította újra 2005-ben. Azóta rendszeresen tartunk havonként istentiszteletet magyar nyelven református liturgia szerint rendszerint a heidelbergi egyetemi gyülekezet templomában (Peterskirche/ Universitätskirche) vagy annak&nbsp; diákközösségi imatermében (Evangelische Studierendengemeinde / Karl-Jaspers-Haus). &#8230; <span class="more"><a class="more-link" href="https://magyar-protestansok.de/?page_id=387">[Tovább/ Weiter&#8230;]</a></span></p>
